392*a**2 + 1761*a + 16. Give w(-20).
-4
Let x(s) = s**2 - 46*s - 1484. Give x(74).
588
Let m(y) = -27*y**2 - 13*y + 52. Calculate m(4).
-432
Let x(h) = -h**3 - 450*h**2 - 22340*h + 23967. Determine x(-393).
-6
Let a(b) = 17*b**2 - 175*b + 645. Give a(4).
217
Let f(p) = -3*p**2 + 5766*p - 51735. What is f(9)?
-84
Let t(y) = -4920*y + 48824. Determine t(10).
-376
Let q(x) = 149*x**2 - 1491*x + 38. What is q(10)?
28
Let v(i) = 9447*i - 9524. What is v(1)?
-77
Let z(i) = -2011*i**2 + 13*i - 9. Determine z(1).
-2007
Let c(s) = -46*s**3 - 7*s**2 - 108*s + 398. Determine c(4).
-3090
Let o(d) = d**2 + 576*d - 186420. Give o(231).
-3
Let o(u) = -86*u**2 - 570*u - 107. Calculate o(-8).
-1051
Let t(o) = -o**2 + 341*o - 19754. Give t(74).
4
Let h(c) = 47*c**2 - 21*c - 1865. Give h(-6).
-47
Let b(c) = -28447*c + 114015. What is b(4)?
227
Let p(y) = -2*y**2 + 119*y + 3901. Determine p(83).
0
Let s(y) = y**3 + 373*y**2 + 3969*y - 156. Calculate s(-11).
-13
Let u(m) = -m**3 + 20*m**2 + 139*m - 2557. What is u(11)?
61
Let h(z) = 5*z**2 - 52*z + 492. What is h(15)?
837
Let r(d) = d**2 + 190*d - 1171. Determine r(-196).
5
Let o(n) = 5*n**3 + 267*n**2 - 642*n - 39638. Determine o(-53).
6
Let g(b) = b**3 - 20*b**2 - 218*b + 58. Give g(28).
226
Let c(d) = -8698*d + 97258. Calculate c(11).
1580
Let b(d) = -4*d**3 - 83*d**2 - 60*d - 1589. Determine b(-21).
112
Let h(p) = -4*p**3 - 458*p**2 - 232*p - 580. Give h(-114).
-124
Let s(x) = -19*x**2 + 8451*x + 10234. Give s(446).
-24
Let o(s) = 85*s - 11833. Determine o(132).
-613
Let c(w) = -24914*w - 224022. Determine c(-9).
204
Let a(q) = 10*q**2 + 704*q + 6114. Calculate a(-53).
-3108
Let d(r) = 77*r**2 + 2094*r + 41. What is d(-27)?
-364
Let n(i) = -17*i**2 - 136*i + 930. Determine n(-12).
114
Let r(b) = 113*b**2 - 5957*b - 1812. Determine r(53).
-116
Let g(i) = -5982*i - 293201. What is g(-49)?
-83
Let p(x) = 3*x**3 + 2*x**2 - 48199*x - 144599. Give p(-3).
-65
Let z(p) = -8*p**3 + 38*p**2 + 293*p - 1. Calculate z(-7).
2554
Let b(p) = -p**3 + 331*p**2 - 991*p + 2289. What is b(328)?
-7
Let n(r) = 8*r**3 + 164*r**2 - 265*r - 21. Determine n(-22).
1
Let y(m) = -m**2 + 526*m - 69016. Determine y(278).
-72
Let j(p) = p**3 - 1184*p**2 + 89345*p - 2206. What is j(1103)?
0
Let a(f) = f**3 + 62*f**2 + 1231*f + 8079. Give a(-30).
-51
Let k(p) = -7*p**3 - 137*p**2 - 511*p - 11. Calculate k(-5).
-6
Let a(s) = -6*s**2 + 426*s - 4725. Determine a(13).
-201
Let a(j) = 2*j**3 + 22*j**2 + 34953*j + 419719. Give a(-12).
-5
Let p(v) = v**3 - 11*v**2 + 110*v - 351. Calculate p(5).
49
Let u(v) = -11*v**2 - 1849*v + 5550. Give u(3).
-96
Let r(l) = -100*l**2 + 5116*l - 345. Determine r(51).
471
Let d(r) = -179*r - 2518. Determine d(-13).
-191
Let j(p) = 9*p**2 - 1581*p - 21133. Calculate j(188).
-265
Let l(h) = 7240*h + 383764. What is l(-53)?
44
Let p(v) = -v**3 + 96*v**2 - 276*v + 379. What is p(93)?
658
Let s(k) = 4720*k - 2388331. Determine s(506).
-11
Let w(y) = 224*y - 11655. Give w(55).
665
Let g(h) = 675013*h + 4725093. What is g(-7)?
2
Let l(n) = -6452*n - 1019414. Give l(-158).
2
Let m(f) = 266*f - 5219. What is m(40)?
5421
Let x(j) = 127*j**2 + 3788*j + 147. Determine x(-30).
807
Let u(q) = 2*q**3 - 1379*q**2 + 40433*q - 154203. Give u(659).
3
Let a(x) = 8*x**3 + 282*x**2 - 56*x - 224. What is a(-35)?
4186
Let g(w) = 13403*w + 120611. What is g(-9)?
-16
Let c(u) = -13*u - 983. Calculate c(-75).
-8
Let v(q) = 2*q**3 + 15*q**2 - 12*q - 13. Determine v(-2).
55
Let g(a) = -2*a**2 - 2130*a + 562247. Calculate g(219).
-145
Let b(k) = -k**2 + 82*k - 109. Give b(48).
1523
Let o(f) = f**3 + 7*f**2 + 101*f - 1079. Give o(6).
-5
Let i(l) = 590399*l - 5313615. Give i(9).
-24
Let l(d) = -11684*d + 9171937. What is l(785)?
-3
Let n(x) = x**3 - 16*x**2 - 738*x - 467. Determine n(-20).
-107
Let q(u) = 13576*u - 176494. Determine q(13).
-6
Let i(x) = 15*x**2 + 1912*x - 26. Calculate i(0).
-26
Let d(m) = 31*m**2 + 8999*m + 2383. Determine d(-290).
-227
Let z(f) = 7*f**3 - 786*f**2 + 995*f + 570. Determine z(111).
126
Let k(q) = 132131*q + 924796. What is k(-7)?
-121
Let a(z) = -78*z**2 + 10707*z - 2874. Determine a(137).
3
Let d(k) = k**2 - 87108*k + 435519. What is d(5)?
4
Let j(b) = 19*b**3 + 21*b**2 - 140*b - 121. Give j(4).
871
Let j(y) = 2*y**2 + 85*y + 160. Calculate j(-38).
-182
Let t(j) = 20725*j - 186502. Determine t(9).
23
Let a(w) = -824*w - 1969. Calculate a(-1).
-1145
Let m(x) = -x**3 + 137*x**2 + 2737*x + 8322. What is m(155)?
107
Let q(j) = j**3 + 132*j**2 + 385*j - 63. Determine q(-129).
195
Let y(c) = -c**2 + 196*c + 3374. Determine y(-16).
-18
Let j(b) = -27*b**2 + 307*b - 570. What is j(9)?
6
Let s(r) = -7*r**3 - 13*r**2 - 20*r + 9. Determine s(-2).
53
Let q(g) = 1198*g - 561962. Calculate q(469).
-100
Let m(o) = -3*o**3 + 115*o**2 + 1353*o - 37431. Give m(42).
-9
Let c(n) = 313351*n + 2193454. What is c(-7)?
-3
Let n(f) = 7*f**2 + 6331483*f + 6331481. Determine n(-1).
5
Let x(v) = -1368*v + 30154. Calculate x(22).
58
Let t(o) = 37*o**3 - 408*o**2 + 17*o - 29. Give t(11).
37
Let p(t) = -9*t**2 + 2879*t - 11349. What is p(4)?
23
Let v(r) = 3*r**2 - 499*r + 2516. Give v(161).
-60
Let f(m) = 58270*m + 3787546. Give f(-65).
-4
Let d(l) = -400*l - 4217. What is d(-8)?
-1017
Let b(y) = y**3 + 72*y**2 + 686*y - 2047. What is b(-60)?
-7
Let p(i) = i**3 - 7*i**2 - 1883*i + 9461. Give p(5).
-4
Let l(b) = 32*b**3 - 7*b**2 - 2*b + 10. Give l(1).
33
Let q(v) = -18543*v - 18635. Give q(-1).
-92
Let w(s) = s**3 + 5*s**2 + 2100*s - 6364. Determine w(3).
8
Let a(y) = y**3 - 47*y**2 + 463*y + 61. Give a(33).
94
Let u(p) = -27*p**3 + 10556*p**2 + 399*p - 3013. Determine u(391).
115
Let c(i) = -939*i - 415955. What is c(-443)?
22
Let t(p) = 2052*p - 640292. What is t(312)?
-68
Let h(l) = 29*l**3 - 2*l**2 - 57*l + 57. Give h(1).
27
Let a(c) = 2*c**2 + 316*c + 175. Determine a(-12).
-3329
Let c(q) = -q**3 + 8*q**2 + 54*q + 3716. Calculate c(20).
-4
Let c(g) = -13*g**2 - 185*g + 753. Calculate c(4).
-195
Let n(b) = 39573*b + 712314. What is n(-18)?
0
Let n(h) = -h**3 + 63*h**2 - 477*h + 25. What is n(54)?
511
Let v(f) = 123*f**2 - 2081*f - 69. What is v(17)?
101
Let u(s) = s**2 + 157*s + 293. What is u(-155)?
-17
Let m(o) = -6*o**2 + 173*o + 1438. Give m(-6).
184
Let x(j) = 2*j**3 - 1780*j**2 - 1788*j - 5. Calculate x(-1).
1
Let u(c) = -8*c**2 - 180*c - 3161. Give u(-20).
-2761
Let n(j) = -27025*j - 135128. Calculate n(-5).
-3
Let x(p) = 2*p**3 - 47*p**2 + 97*p + 380. Determine x(20).
-480
Let d(w) = 1270*w - 76213. Calculate d(60).
-13
Let s(f) = 4389*f - 1233298. What is s(281)?
11
Let t(p) = -2*p**3 - 18*p**2 - 76*p - 602. Determine t(-8).
-122
Let z(d) = -123*d**3 + 38*d**2 + 13*d - 34. What is z(2)?
-840
Let l(f) = -f**3 + 539*f**2 - 3121*f + 1389656. Determine l(538).
2
Let g(x) = -6*x**3 + 16*x**2 + 180*x + 677. Give g(-4).
597
Let t(m) = -55*m**3 - 15677*m**2 - 598*m - 7990. What is t(-285)?
-10
Let j(w) = 8817*w + 529050. Determine j(-60).
30
Let v(m) = m**3 + 382*m**2 + 5990*m + 2150. Determine v(-16).
6
Let a(q) = -236*q**2 - 2479*q - 2. What is a(-11)?
-1289
Let k(m) = 222*m**3 - 366*m**2 + 741*m - 30. What is k(2)?
1764
Let w(n) = -58*n**2 - 95*n - 620. What is w(-6)?
-2138
Let u(v) = 272*v - 13091. Determine u(47).
-307
Let w(r) = 7959*r + 9956677. Give w(-1251).
-32
Let y(c) = -5*c**2 + 7016*c + 28053. Calculate y(-4).
-91
Let s(l) = -5*l**2 + 587*l - 485. What is s(110)?
3585
Let z(v) = 9098*v - 2019800. Give z(222).
-44
Let y(x) = -10216*x - 10117. Calculate y(-1).
99
Let n(o) = 562*o - 73616. Determine n(131).
6
Let b(x) = 2*x**2 + 165*x - 46. What is b(-22)?
-2708
Let m(t) = -42*t**3 + 59*t**2 + 109*t - 7. Determine m(-2).
347
Let k(g) = -g**3 + 11*g**2 + 121*g - 433. Give k(15).
482
Let b(m) = -384*m**2 + 3824*m + 25. Give b(10).
-135
Let a(i) = i**2 + 563573*i - 18035359. Determine a(32).
1
Let z(r) = -2597294*r + 8. Give z(0).
8
Let a(b) = -271*b**2 - 1334*b + 139. Calculate a(-5).
34
Let l(n) = -60172*n + 1263681. Calculate l(21).
69
Let k(x) = x**3 - 7*x**2 + 763*x + 4963. What is k(-6)?
-83
Let f(w) = 676*w**2 + 736*w + 6. What is f(-1)?
-54
Let y(a) = -83*a**2 - 296*a - 15. Determine y(-4).
-159
Let r(z) = -z**3 - 121*z**2 - 914*z - 1160. Calculate r(-113).
-30
Let u(b) = -b**3 + 27*b**2 - 424*b + 8461. What is u(24)?
13